rs of 2422.
2, 7, 173
List the prime factors of 1831.
1831
List the prime factors of 2484.
2, 3, 23
List the prime factors of 38.
2, 19
What are the prime factors of 4036?
2, 1009
List the prime factors of 876.
2, 3, 73
List the prime factors of 2303.
7, 47
List the prime factors of 1078.
2, 7, 11
What are the prime factors of 123382?
2, 7, 1259
List the prime factors of 8167.
8167
List the prime factors of 5900.
2, 5, 59
List the prime factors of 926.
2, 463
List the prime factors of 8707.
8707
What are the prime factors of 20413?
137, 149
List the prime factors of 583.
11, 53
What are the prime factors of 42127?
103, 409
List the prime factors of 1815.
3, 5, 11
List the prime factors of 24101.
7, 11, 313
What are the prime factors of 1384?
2, 173
List the prime factors of 502.
2, 251
What are the prime factors of 11407?
11, 17, 61
What are the prime factors of 1472?
2, 23
List the prime factors of 731.
17, 43
What are the prime factors of 6899?
6899
List the prime factors of 713.
23, 31
List the prime factors of 77464.
2, 23, 421
What are the prime factors of 1731?
3, 577
What are the prime factors of 1978?
2, 23, 43
List the prime factors of 645.
3, 5, 43
What are the prime factors of 3598?
2, 7, 257
List the prime factors of 6896.
2, 431
List the prime factors of 15415.
5, 3083
List the prime factors of 15183.
3, 7, 241
List the prime factors of 10985.
5, 13
List the prime factors of 1175.
5, 47
List the prime factors of 995.
5, 199
What are the prime factors of 143087?
7, 20441
List the prime factors of 16638.
2, 3, 47, 59
What are the prime factors of 71364?
2, 3, 19, 313
What are the prime factors of 10609?
103
What are the prime factors of 181294?
2, 90647
What are the prime factors of 6533?
47, 139
List the prime factors of 3709.
3709
What are the prime factors of 3706?
2, 17, 109
What are the prime factors of 2838?
2, 3, 11, 43
What are the prime factors of 27813?
3, 73, 127
What are the prime factors of 22037?
22037
List the prime factors of 42494.
2, 21247
List the prime factors of 22327.
83, 269
What are the prime factors of 34453?
131, 263
What are the prime factors of 3781?
19, 199
What are the prime factors of 14762?
2, 11, 61
What are the prime factors of 26333?
17, 1549
What are the prime factors of 14777?
7, 2111
List the prime factors of 623.
7, 89
What are the prime factors of 17585?
5, 3517
What are the prime factors of 22923?
3, 283
List the prime factors of 14920.
2, 5, 373
What are the prime factors of 117548?
2, 29387
List the prime factors of 65714.
2, 11, 29, 103
List the prime factors of 13583.
17, 47
List the prime factors of 1303.
1303
What are the prime factors of 22511?
22511
List the prime factors of 1474.
2, 11, 67
List the prime factors of 10383.
3, 3461
List the prime factors of 29327.
29327
What are the prime factors of 6937?
7, 991
List the prime factors of 620.
2, 5, 31
List the prime factors of 109494.
2, 3, 7, 11, 79
List the prime factors of 8305.
5, 11, 151
List the prime factors of 27278.
2, 23, 593
List the prime factors of 20416.
2, 11, 29
List the prime factors of 3731.
7, 13, 41
List the prime factors of 17522.
2, 8761
What are the prime factors of 11811?
3, 31, 127
What are the prime factors of 5486?
2, 13, 211
What are the prime factors of 1955?
5, 17, 23
List the prime factors of 14423.
14423
What are the prime factors of 4043?
13, 311
List the prime factors of 6860.
2, 5, 7
List the prime factors of 19554.
2, 3, 3259
What are the prime factors of 1696?
2, 53
List the prime factors of 7205.
5, 11, 131
What are the prime factors of 1638?
2, 3, 7, 13
List the prime factors of 15744.
2, 3, 41
List the prime factors of 102839.
11, 9349
List the prime factors of 1546.
2, 773
List the prime factors of 2079.
3, 7, 11
What are the prime factors of 3563?
7, 509
List the prime factors of 11372.
2, 2843
List the prime factors of 5213.
13, 401
List the prime factors of 121.
11
List the prime factors of 9697.
9697
What are the prime factors of 7041?
3, 2347
What are the prime factors of 44396?
2, 11, 1009
List the prime factors of 24019.
24019
What are the prime factors of 2124?
2, 3, 59
List the prime factors of 4878.
2, 3, 271
What are the prime factors of 51003?
3, 1889
What are the prime factors of 7422?
2, 3, 1237
List the prime factors of 3660.
2, 3, 5, 61
List the prime factors of 182060.
2, 5, 9103
What are the prime factors of 15184?
2, 13, 73
What are the prime factors of 1094?
2, 547
What are the prime factors of 21406?
2, 7, 11, 139
What are the prime factors of 88647?
3, 13, 2273
What are the prime factors of 13985?
5, 2797
List the prime factors of 47950.
2, 5, 7, 137
List the prime factors of 14502.
2, 3, 2417
What are the prime factors of 9054?
2, 3, 503
List the prime factors of 5020.
2, 5, 251
What are the prime factors of 628?
2, 157
What are the prime factors of 697?
17, 41
What are the prime factors of 216?
2, 3
What are the prime factors of 122392?
2, 15299
List the prime factors of 8051.
83, 97
List the prime factors of 336.
2, 3, 7
List the prime factors of 1890.
2, 3, 5, 7
What are the prime factors of 43?
43
What are the prime factors of 6486?
2, 3, 23, 47
List the prime factors of 5239.
13, 31
List the prime factors of 59158.
2, 11, 2689
What are the prime factors of 150651?
3, 19, 881
List the prime factors of 2725.
5, 109
What are the prime factors of 59811?
3, 19937
What are the prime factors of 946?
2, 11, 43
What are the prime factors of 1366?
2, 683
List the prime factors of 3006.
2, 3, 167
What are the prime factors of 1066?
2, 13, 41
List the prime factors of 8861.
8861
What are the prime factors of 21035?
5, 7, 601
List the prime factors of 4329.
3, 13, 37
What are the prime factors of 2056?
2, 257
What are the prime factors of 60409?
193, 313
What are the prime factors of 6954?
2, 3, 19, 61
What are the prime factors of 7193?
7193
What are the prime factors of 21912?
2, 3, 11, 83
List the prime factors of 3174.
2, 3, 23
What are the prime factors of 15462?
2, 3, 859
What are the prime factors of 26590?
2, 5, 2659
What are the prime factors of 31655?
5, 13, 487
List the prime factors of 1288.
2, 7, 23
List the prime factors of 4099.
4099
What are the prime factors of 96416?
2, 23, 131
List the prime factors of 625.
5
What are the prime factors of 71552?
2, 13, 43
List the prime factors of 227.
227
List the prime factors of 2002.
2, 7, 11, 13
List the prime factors of 510.
2, 3, 5, 17
List the prime factors of 5368.
2, 11, 61
What are the prime factors of 50960?
2, 5, 7, 13
List the prime factors of 14698.
2, 7349
List the prime factors of 681.
3, 227
What are the prime factors of 10269?
3, 7, 163
List the prime factors of 76500.
2, 3, 5, 17
What are the prime factors of 7233?
3, 2411
What are the prime factors of 157857?
3, 7, 7517
List the prime factors of 39727.
39727
What are the prime factors of 1341?
3, 149
List the prime factors of 18161.
11, 13, 127
List the prime factors of 1306.
2, 653
List the prime factors of 3416.
2, 7, 61
List the prime factors of 7492.
2, 1873
List the prime factors of 2700.
2, 3, 5
List the prime factors of 9495.
3, 5, 211
What are the prime factors of 2347?
2347
What are the prime factors of 32422?
2, 13, 29, 43
List the prime factors of 10867.
10867
What are the prime factors of 116189?
116189
List the prime factors of 29314.
2, 14657
List the prime factors of 79563.
3, 11, 2411
List the prime factors of 11784.
2, 3, 491
List the prime factors of 746.
2, 373
What are the prime factors of 3436?
2, 859
List the prime factors of 529.
23
What are the prime factors of 24800?
2, 5, 31
List the prime factors of 422.
2, 211
What are the prime factors of 7593?
3, 2531
What are the prime factors of 8452?
2, 2113
List the prime factors of 3938.
2, 11, 179
What are the prime factors of 42892?
2, 10723
What are the prime factors of 25972?
2, 43, 151
What are the prime factors of 1736?
2, 7, 31
List the prime factors of 3700.
2, 5, 37
What are the prime factors of 6118?
2, 7, 19, 23
What are the prime factors of 190?
2, 5, 19
List the prime factors of 5924.
2, 1481
List the prime factors of 500.
2, 5
List the prime factors of 742.
2, 7, 53
What are the prime factors of 6086?
2, 17, 179
List the prime factors of 1973.
1973
List the prime factors 